 405045 (base 7) to base 4.
100311300
What is -4dec3a (base 15) in base 8?
-16223536
-304565 (base 11) to base 12
-1b70a9
Convert 2423216 (base 7) to base 4.
1023103310
22220210210 (base 3) to base 9
286723
What is 2111220100 (base 3) in base 14?
1407a
-75d410 (base 14) to base 7
-45641220
What is -868960 (base 10) in base 2?
-11010100001001100000
Convert 167455 (base 12) to base 13.
1068c2
What is -274500 (base 8) in base 2?
-10111100101000000
What is 3587387 (base 9) in base 3?
10122221102221
Convert -175471 (base 11) to base 14.
-70959
-2022220111 (base 3) to base 11
-31500
What is -44432304 (base 5) in base 2?
-1011111001001001000
Convert 3024144 (base 5) to base 10.
48674
-52515231 (base 8) to base 5
-10330240242
24104411 (base 5) to base 4
312110101
Convert -82a02 (base 11) to base 4.
-131202222
What is 545000 (base 6) in base 15?
d599
Convert 992a6a (base 13) to base 9.
6703837
What is -a6572 (base 11) in base 2?
-100101110111001000
-4922c (base 14) to base 5
-21210132
Convert 7488531 (base 9) to base 3.
21112222121001
What is 1063111 (base 7) in base 9?
222564
What is -91966 (base 11) in base 4?
-200301311
Convert 246153 (base 13) to base 7.
10253112
557755 (base 9) to base 16
517ca
What is 2124124 (base 6) in base 11?
71648
Convert 100001100000110001 (base 2) to base 16.
21831
Convert 21552013 (base 6) to base 8.
2372051
Convert 3043553 (base 7) to base 10.
363863
What is -37a39a (base 11) in base 5?
-123140142
Convert 11001000010010101000110 (base 2) to base 9.
13312840
71d7d6 (base 16) to base 13
1712bb5
-120132013033 (base 4) to base 9
-13056404
341eb (base 15) to base 10
165821
-32503 (base 16) to base 8
-622403
What is -a1422 (base 14) in base 12?
-16845a
What is 617765 (base 9) in base 2?
1011001011111111000
What is 11031211301 (base 5) in base 9?
24472663
-1369181 (base 10) to base 3
-2120120011102
Convert -1545352 (base 7) to base 2.
-110100000011000011
Convert -1000101111001110010101 (base 2) to base 6.
-121032313
Convert -36ed0 (base 15) to base 3.
-22220200220
What is -47361 (base 13) in base 8?
-376241
-301702 (base 9) to base 13
-632b7
What is -2c1ba (base 16) in base 10?
-180666
Convert -1ac2b0 (base 13) to base 8.
-2467344
Convert 31101022130 (base 4) to base 2.
1101010001001010011100
Convert -1b0365 (base 13) to base 5.
-133423204
Convert 21c05b (base 14) to base 16.
1180c1
What is 24021355 (base 6) in base 9?
1362038
Convert 1285194 (base 11) to base 6.
115310554
What is -122230123323 (base 4) in base 2?
-11010101100011011111011
267237 (base 8) to base 5
11000410
What is 2301d9 (base 14) in base 7?
13061062
What is 1543701 (base 9) in base 6?
30201301
Convert 20100010210 (base 3) to base 5.
12443021
Convert -40073 (base 12) to base 8.
-242127
What is -18599a (base 15) in base 11?
-739137
Convert 403727 (base 9) to base 4.
322111333
What is -5a68a9 (base 11) in base 5?
-221220423
Convert 2103131 (base 6) to base 2.
11000110110011111
Convert 1000010110110001100000 (base 2) to base 7.
24422046
Convert -12000200120 (base 3) to base 6.
-2041540
-55251004 (base 6) to base 15
-22a677
What is 21012002121 (base 4) in base 8?
11060231
Convert -13531463 (base 7) to base 10.
-1268312
Convert -35146110 (base 7) to base 11.
-1819677
2732665 (base 8) to base 16
bb5b5
Convert 322402223 (base 5) to base 14.
27a0d6
Convert 6584441 (base 9) to base 4.
31200023020
47202 (base 8) to base 11
14111
What is 2450154 (base 7) in base 14?
8292b
-2102310032 (base 4) to base 3
-1010112220112
Convert -1101110000001011001 (base 2) to base 3.
-211220011201
What is 11110111011010001001 (base 2) in base 13?
296349
What is -7273655 (base 10) in base 16?
-6efcb7
Convert 14104002 (base 5) to base 14.
3a7da
-663bc0 (base 14) to base 9
-6465168
199b3 (base 16) to base 3
12022212120
24505351 (base 7) to base 15
2d7dca
Convert -3640444 (base 7) to base 16.
-71305
Convert 100100111001101110110 (base 2) to base 11.
756549
-1930486 (base 11) to base 8
-14351761
What is -121134213 (base 6) in base 11?
-13300a6
-11c31 (base 14) to base 8
-125043
Convert -1bb780 (base 16) to base 4.
-12323132000
What is -99058 (base 13) in base 14?
-72ca3
-78eeb4 (base 15) to base 8
-26007672
What is -3ab65 (base 13) in base 2?
-11010110000011011
Convert 6847685 (base 9) to base 6.
211052552
What is 101687 (base 13) in base 8?
1333527
-98a2 (base 12) to base 15
-4ebb
Convert 405201 (base 8) to base 15.
29976
What is 5326046 (base 8) in base 9?
2604280
What is 64a99 (base 12) in base 2?
100000011100010101
Convert -108c887 (base 14) to base 6.
-440414011
What is -bb86b1 (base 12) in base 2?
-1011010111100011100101
2221002012 (base 3) to base 16
e132
What is 1a7a66 (base 11) in base 2?
1001101101001101100
2220201 (base 5) to base 12
1a555
-130046 (base 8) to base 13
-176aa
1100101100002 (base 3) to base 10
716123
103678 (base 9) to base 15
13498
Convert -22102143 (base 6) to base 15.
-d0ec0
Convert 5ca58 (base 15) to base 5.
33432313
Convert 122752 (base 10) to base 5.
12412002
What is -2101201210010 (base 3) in base 10?
-1274133
What is 627347 (base 10) in base 3?
1011212120002
9567f (base 16) to base 8
2253177
What is 235421 (base 6) in base 2?
101000011000101
215005223 (base 6) to base 5
1442423430
What is 520991 (base 14) in base 3?
12012121202201
Convert 233313023 (base 4) to base 15.
3d148
Convert 551082 (base 10) to base 12.
226ab6
What is 10533231 (base 7) in base 15?
1315c0
What is 19c5a (base 16) in base 10?
105562
What is -3111 (base 5) in base 6?
-1514
Convert -116608 (base 9) to base 10.
-70478
What is -214234203 (base 5) in base 11?
-586158
25836816 (base 9) to base 11
71a8a09
Convert -1214c (base 16) to base 4.
-102011030
Convert 618657 (base 9) to base 13.
cb1c1
Convert 330396 (base 11) to base 16.
80cb8
1044436 (base 7) to base 10
128848
-53b851 (base 13) to base 16
-1e0675
162967 (base 12) to base 6
12034211
What is -23113002 (base 4) in base 10?
-46530
-120634 (base 9) to base 14
-1c6c0
-134403122 (base 5) to base 2
-10101010111111111100
What is 1b29ad (base 14) in base 9?
1734518
-4b80a (base 14) to base 8
-552122
What is -1000201021001 (base 3) in base 11?
-342913
Convert -12200122201 (base 3) to base 7.
-644401
Convert -799571 (base 12) to base 16.
-1dace5
What is 42030004 (base 5) in base 14?
8dd5b
Convert 785e5 (base 15) to base 2.
1011101011011111011
Convert -2423420121 (base 5) to base 3.
-101200212021001
Convert -22000020202 (base 3) to base 10.
-157646
-3131011 (base 4) to base 6
-145301
-104736 (base 9) to base 14
-18b2d
-1679553 (base 12) to base 11
-268a4a3
Convert 127873b (base 12) to base 3.
20212010012002
Convert 27145403 (base 9) to base 4.
303001130322
-11121330022 (base 4) to base 5
-330320340
133453000 (base 6) to base 12
aa1160
What is 140747 (base 8) in base 12?
24887
Convert 600002 (base 7) to base 11.
69847
1cc3b (base 15) to base 10
93881
Convert 10011100101010100 (base 2) to base 6.
1415204
Convert -502607 (base 9) to base 16.
-488ec
Convert -730255 (base 8) to base 11.
-155772
What is -62113502 (base 7) in base 8?
-23646360
Convert 2da48 (base 15) to base 2.
100011111111110011
-41901 (base 11) to base 5
-3422420
2225331 (base 6) to base 7
646315
Convert 1604953 (base 11) to base 16.
29e012
-1010010101110101000 (base 2) to base 8
-1225650
Convert -5325323 (base 10) to base 3.
-101000112222012
Convert -575315 (base 11) to base 6.
-31335024
102202100202 (base 3) to base 4
320132330
What is -2b284 (base 15) in base 4?
-201323011
13340300 (base 5) to base 10
136950
1131320123 (base 4) to base 8
1357033
What is 336103 (base 12) in base 7?
6651252
Convert -30005265 (base 7) to base 6.
-124554413
What is 264610 (base 7) in base 2?
1100001000011101
Convert 136030 (base 9) to base 8.
242275
121102221121202 (base 3) to base 2
100001010101010111000110
What is c548 (base 14) in base 13?
12603
What is -11402424 (base 5) in base 10?
-106614
What is 6952c1 (base 13) in base 8?
11413437
42009 (base 11) to base 3
10002222222
What is 344400515 (base 6) in base 3?
102222221221002
766641 (base 16) to base 8
35463101
What is aaec (base 15) in base 16?
8d7e
Convert 2443143 (base 5) to base 6.
1000025
Convert 663260 (base 11) to base 13.
2b0a06
What is 1130110 (base 8) in base 7?
2416560
-1001111000110 (base 2) to base 4
-1033012
What is -373648 (base 9) in 